g + 260 = g. Calculate the greatest common factor of v and 98.
14
Let y(l) = -13*l + 2. Let a be y(-2). Suppose f - d - 37 = a, 5*d - 285 = -5*f. Suppose -3*v + f - 25 = 0. Calculate the greatest common divisor of 132 and v.
12
Suppose -19 = -2*l - 9. Calculate the highest common divisor of l and 115.
5
Suppose 19 = -y + 5*y + 3*q, -36 = -3*y + 5*q. What is the greatest common factor of y and 7?
7
Suppose d - 30 = -d. Let j = 30 + -14. Let g = j - 1. Calculate the greatest common factor of d and g.
15
Suppose -8*i = -5*i + f - 63, 2*i + 3*f = 42. Calculate the greatest common factor of 189 and i.
21
Suppose 0 = -40*y + 842 + 918. Let j(f) = f**3 - 8*f**2 + 4*f. Let b be j(3). Let g be b/(-2)*2/3. Calculate the highest common divisor of y and g.
11
Let c = 4 - 3. Suppose 24 = 3*a - h, -4*a - a + 3*h = -40. Let l = a - c. What is the greatest common factor of 49 and l?
7
Let c(i) = 62*i**2 - 7*i - 2. Let q be c(5). Let s = 1346 + -889. Suppose -4*l - s = -q. Calculate the greatest common factor of 24 and l.
24
Let a = 18 + -16. Let b(v) = 9*v**2 - 15*v + 26. Let j be b(a). What is the greatest common divisor of j and 2?
2
Suppose 5*k = 9*k + 2*u - 52, 44 = 4*k - 2*u. What is the highest common factor of k and 30?
6
Suppose -r + 20 = 2*j - 42, -5*r + 10 = 0. Suppose 0 = 25*c - 30*c + j. Calculate the highest common divisor of 66 and c.
6
Suppose -171*x - 880 = -182*x. Suppose -3*k = -0*k - 30. Calculate the highest common factor of x and k.
10
Let t(k) = -k + 16. Let l be t(12). Let g be 4 - 1/(l/8). Suppose -g*i = 4*j - 44, -2*j = 3*i - 5*j - 102. Calculate the greatest common factor of i and 5.
5
Let z = -1348 - -1349. Calculate the greatest common divisor of z and 5.
1
Let t be 6 - ((-540 - -4) + -7). What is the highest common divisor of t and 18?
9
Let b be (-1 + -7)/(-4) + -2 + 4. What is the highest common factor of 38 and b?
2
Suppose 3*i + 304 = 4*i. Suppose 3*s - 98 = 16. Calculate the greatest common divisor of i and s.
38
Let l(s) = -s**3 + s**2 - 3*s - 77. Let v be l(0). Let a = -22 - v. Calculate the highest common divisor of a and 11.
11
Let z be -5 - -15 - (3 - 0). Let i(r) = 2*r**2 + 8*r - 14. Let t be i(-7). What is the greatest common factor of t and z?
7
Suppose 0 = -2*q - 0*q - 5*j - 16, 2*q + 4*j = -14. Let p(c) = c**3 + 5*c**2 + 6*c + 1. Let y be p(q). What is the highest common divisor of 14 and y?
1
Let s be (8 - 1) + (-3)/1. Suppose 4*w + 1135 = 5*k, -3*k - 2*w - 2*w + 649 = 0. Suppose 417 = s*t - k. Calculate the highest common factor of 64 and t.
32
Let s(l) be the third derivative of -l**4/24 + 19*l**3/3 - 2*l**2. Let p be s(20). Calculate the greatest common factor of p and 45.
9
Let u be 1/(2 - 275/140). Let q = 42 + -35. What is the highest common divisor of q and u?
7
Suppose -2*d + 6 = -26. Let b = -7 + d. What is the highest common divisor of b and 12?
3
Suppose -32*z + z + 2976 = 0. What is the highest common divisor of 32 and z?
32
Let r(o) = -4*o**3 - 7*o**2 - 5*o - 2. Let g be r(-4). Let j(d) = -21*d - 2. Let x be j(-2). Let c = 58 - x. Calculate the highest common divisor of g and c.
18
Let l = -2056 + 2152. Calculate the greatest common divisor of 1584 and l.
48
Let d(r) = r**3 - 6*r**2 - 19*r + 6. Let p be d(8). Let q be (-1017)/p + (-2)/(-4). What is the greatest common divisor of 57 and q?
57
Suppose 7 = m - 40. Let l = -23 + m. Calculate the greatest common factor of 6 and l.
6
Suppose -337 = 8*g + 495. Let q = -92 - g. Calculate the greatest common factor of 24 and q.
12
Suppose 6 = -c + 3*c - 3*a, 0 = 3*c + 2*a - 22. Let w be (245/(-7))/(-2 - c/(-4)). What is the highest common factor of w and 7?
7
Let h = 2 - -3. Suppose 2*z + 3*v = 68, -3*z + 11 = -h*v - 129. Calculate the greatest common factor of 100 and z.
20
Suppose -2*r + 12 = t, t = -2*t + r + 15. Let s be 5 + t - (-3 + -2). Calculate the highest common factor of 144 and s.
16
Let z = -1934 - -1945. Suppose -3*o + 161 = -2*g, 0 = -4*o + 5*g + 87 + 123. What is the greatest common divisor of o and z?
11
Suppose -m = -2*f - 1, 2*m + 7*f = 5*f + 26. Let h = m - -3. Let u be (-402)/(-9)*3 - 2. What is the highest common factor of u and h?
12
Let h(d) = d**2 - 36*d + 104. Let z be h(33). Suppose -2*q = 2*m + 4, 2*m - 5*m = -4*q + 20. Calculate the greatest common factor of z and q.
1
Let h(v) = v**3 + 6*v**2 - 11*v - 6. Let m be h(-7). Suppose -m = -2*b - 6. Let u = 288 - 200. What is the greatest common factor of b and u?
8
Let l = 17 - 12. Suppose 2*q + 36 = l*q. What is the highest common factor of 12 and q?
12
Suppose 0 = 2*h + 4*h. Suppose h = -q - 0*q - 40. Let r be ((-9)/(-4))/((-15)/q). What is the highest common divisor of r and 30?
6
Let o(q) = q**2 + 6*q + 4. Let b be o(-7). Suppose -l - 704 = -4*s, -3*s - 7*l + 528 = -11*l. Calculate the greatest common divisor of b and s.
11
Let u(i) = 3*i - 95. Let t be u(33). What is the highest common divisor of t and 52?
4
Suppose 0 = -5*r + 188 + 122. What is the greatest common factor of 2 and r?
2
Suppose 9*n - 29 = -2. Let o be n/(48/(-4)) - 164/(-16). What is the highest common factor of 250 and o?
10
Suppose d - 107 - 229 = 0. Suppose c - 4*h = -c + d, 0 = 2*c + 3*h - 364. What is the highest common factor of 16 and c?
16
Let r(v) = v + 8. Let o be r(-5). Let z(d) = 6*d**3 + 3*d**2 - 4*d - 1. Let h be z(o). What is the highest common divisor of 16 and h?
16
Let o(w) = 6*w - 23. Let p be o(7). Let l = p + 36. Calculate the greatest common divisor of l and 11.
11
Let j(a) = 0 - a**2 + 5 + 5*a - 4 + 5. Let h be j(5). Suppose -h*o + o = -35. What is the highest common factor of 35 and o?
7
Suppose -15*o + 10*o + 670 = 0. Calculate the highest common divisor of o and 2.
2
Let g(w) = 7*w**2 - 21*w - 6. Let n(y) = -3*y**2 + 11*y + 3. Let j(s) = 6*g(s) + 13*n(s). Let k be j(-7). Calculate the highest common divisor of k and 31.
31
Let a(h) = 18*h**3 - 2*h**2 + 1. Let b be a(1). Suppose 0 = 4*p - b - 75. Let c(l) = 61*l + 1. Let q be c(3). Calculate the greatest common factor of q and p.
23
Let y be (-201)/(-12) - -1 - (-2)/8. Suppose 0 = 2*p - 66 + y. Calculate the greatest common factor of p and 72.
24
Let z be 3 + (3 - (-9 + 3)). Let i(j) = 21*j**2 + 2*j + 4. Let c be i(-2). Calculate the highest common factor of c and z.
12
Let s = -18 - -28. Let l be 5 + -2 + s - (1 + 0). Let h = -86 + 122. Calculate the highest common divisor of h and l.
12
Let a be (-47)/(-3) - 4/(-12). Suppose -c - 4*o - a = 0, -2 = c + c + 2*o. Let l be 1/(2/c*1). What is the greatest common factor of 18 and l?
2
Let f = -6 + 22. Let v be 4 - (8/(-12))/(2/228). What is the greatest common factor of f and v?
16
Let i = -12 - -12. Suppose i*k = -5*k - 175. Let h = 9 - k. What is the greatest common divisor of 11 and h?
11
Suppose -s + 47 = 5*j, -15*s + 13*s - 14 = -2*j. What is the highest common factor of j and 180?
9
Let j be -11 + 16 - (3 + -1). Suppose -j*w + 2*m = m - 37, 2*w + 4*m = 6. What is the highest common factor of 88 and w?
11
Let c(h) be the first derivative of -19*h**2/2 + h - 3. Let f be 3 + 1 - (22 - 16). Let q be c(f). What is the highest common divisor of q and 312?
39
Let g(q) = 4*q**2 - 13*q + 57. Let n be g(11). Calculate the greatest common divisor of n and 2.
2
Suppose -4*h = -5 - 11. Suppose -4*t - 4*g = -84, -2 = -5*g + 3. What is the highest common divisor of t and h?
4
Let y be (3/2)/((-2)/(-56)). Let q be (3 - 6 - -1) + -7. Let w = q + 37. What is the greatest common divisor of w and y?
14
Let k(q) = q**3 - 5*q**2 + 6*q - 4. Let m be k(5). What is the greatest common divisor of 494 and m?
26
Let z be (18/(-5))/(33/(-110)). What is the greatest common divisor of z and 102?
6
Let t be (2 + 80/(-12))/((-4)/450). Calculate the highest common factor of t and 21.
21
Let i be (-74)/(-5) - 7/(-35). Let m be 5/25 - (-57)/i. Suppose 3*c = -m*h + 76, -32 = -2*h - 3*c - 0*c. Calculate the greatest common factor of h and 132.
22
Let p = -37 - -39. Let s(m) = 10*m**2 + 2*m - 3. Let i be s(p). Calculate the highest common factor of i and 164.
41
Let c = -124 + 145. Let k be 7/(c/1286) + 5/15. What is the highest common factor of 39 and k?
39
Let f(q) = -q**3 - 5*q**2 + 2*q + 8. Let r be f(-6). Let c be (-32)/(-6 - 2) - 248/(-2). Calculate the greatest common divisor of c and r.
32
Suppose 0 = 4*y - 3*y - 8.